ime factors of 974607.
3, 324869
List the prime factors of 7862962.
2, 3931481
What are the prime factors of 13804289?
17, 59, 13763
List the prime factors of 1109364.
2, 3, 193, 479
List the prime factors of 3391070.
2, 5, 339107
List the prime factors of 1026834.
2, 3, 17, 10067
List the prime factors of 1602640.
2, 5, 13, 23, 67
List the prime factors of 2537574.
2, 3, 13, 32533
What are the prime factors of 8868191?
43, 206237
What are the prime factors of 107807?
7, 15401
What are the prime factors of 458978?
2, 13, 127, 139
What are the prime factors of 11838367?
11838367
What are the prime factors of 8856917?
31, 285707
List the prime factors of 473190.
2, 3, 5, 15773
What are the prime factors of 1121306?
2, 560653
What are the prime factors of 327274?
2, 163637
What are the prime factors of 321756?
2, 3, 26813
List the prime factors of 468965.
5, 7, 13399
What are the prime factors of 6617356?
2, 43, 79, 487
List the prime factors of 759798.
2, 3, 13, 17, 191
List the prime factors of 20106006.
2, 3, 3351001
What are the prime factors of 7809493?
163, 47911
What are the prime factors of 17633470?
2, 5, 197, 8951
What are the prime factors of 1351641?
3, 19, 23, 1031
List the prime factors of 53241.
3, 17747
List the prime factors of 24513.
3, 8171
What are the prime factors of 214152?
2, 3, 8923
What are the prime factors of 1559650?
2, 5, 31193
List the prime factors of 2010919.
859, 2341
What are the prime factors of 575675?
5, 23027
List the prime factors of 912921.
3, 173, 1759
List the prime factors of 325183.
433, 751
List the prime factors of 545683.
17, 32099
What are the prime factors of 13359419?
31, 430949
List the prime factors of 1399911.
3, 466637
List the prime factors of 10131466.
2, 659, 7687
What are the prime factors of 2667282?
2, 3, 444547
What are the prime factors of 4747611?
3, 11, 47, 3061
What are the prime factors of 1995459?
3, 665153
List the prime factors of 2523471.
3, 841157
What are the prime factors of 59825?
5, 2393
What are the prime factors of 185384?
2, 23173
What are the prime factors of 4539474?
2, 3, 252193
List the prime factors of 126538.
2, 151, 419
List the prime factors of 725637.
3, 11, 1999
List the prime factors of 21826880.
2, 5, 68209
What are the prime factors of 7565930?
2, 5, 756593
What are the prime factors of 4910288?
2, 306893
What are the prime factors of 4828995?
3, 5, 239, 449
What are the prime factors of 1367554?
2, 683777
List the prime factors of 19935.
3, 5, 443
What are the prime factors of 1625282?
2, 812641
What are the prime factors of 7789039?
53, 281, 523
List the prime factors of 231754.
2, 115877
What are the prime factors of 140577?
3, 47, 997
What are the prime factors of 1479819?
3, 11, 44843
What are the prime factors of 72258?
2, 3, 12043
List the prime factors of 149776.
2, 11, 23, 37
What are the prime factors of 1460367?
3, 162263
What are the prime factors of 60918?
2, 3, 11, 13, 71
What are the prime factors of 127368?
2, 3, 29, 61
List the prime factors of 2096682.
2, 3, 7, 49921
List the prime factors of 383539.
13, 163, 181
List the prime factors of 1756632.
2, 3, 53, 1381
List the prime factors of 127978.
2, 61, 1049
List the prime factors of 220773.
3, 7, 10513
List the prime factors of 14748620.
2, 5, 737431
List the prime factors of 1549282.
2, 7, 15809
What are the prime factors of 1291181?
31, 41651
List the prime factors of 558074.
2, 11, 25367
What are the prime factors of 1376750?
2, 5, 5507
List the prime factors of 2590800.
2, 3, 5, 17, 127
What are the prime factors of 707405?
5, 141481
List the prime factors of 4647336.
2, 3, 83, 2333
List the prime factors of 75331.
71, 1061
List the prime factors of 674204.
2, 41, 4111
List the prime factors of 1414114.
2, 13, 137, 397
What are the prime factors of 1271346?
2, 3, 211891
List the prime factors of 12645949.
12645949
List the prime factors of 475780.
2, 5, 23789
List the prime factors of 293780.
2, 5, 37, 397
What are the prime factors of 150097?
150097
List the prime factors of 1044765.
3, 5, 71, 109
List the prime factors of 7395020.
2, 5, 369751
What are the prime factors of 43252?
2, 11, 983
List the prime factors of 677568.
2, 3, 3529
What are the prime factors of 2242974?
2, 3, 31, 389
What are the prime factors of 9875222?
2, 7, 211, 3343
What are the prime factors of 18039765?
3, 5, 673, 1787
What are the prime factors of 14085215?
5, 2817043
List the prime factors of 918434.
2, 11, 109, 383
List the prime factors of 2651958.
2, 3, 147331
List the prime factors of 1310041.
1310041
What are the prime factors of 670427?
23, 103, 283
What are the prime factors of 346225?
5, 11, 1259
What are the prime factors of 2695933?
2695933
What are the prime factors of 12019731?
3, 17, 23, 10247
List the prime factors of 1273872.
2, 3, 26539
What are the prime factors of 4954168?
2, 223, 2777
What are the prime factors of 30040?
2, 5, 751
What are the prime factors of 16340295?
3, 5, 67, 71, 229
List the prime factors of 16807365.
3, 5, 23, 5413
List the prime factors of 103890.
2, 3, 5, 3463
What are the prime factors of 121284?
2, 3, 1123
What are the prime factors of 13304133?
3, 1478237
List the prime factors of 1631790.
2, 3, 5, 18131
What are the prime factors of 6082490?
2, 5, 523, 1163
List the prime factors of 2446795.
5, 13, 37643
What are the prime factors of 5117294?
2, 7, 13, 31, 907
What are the prime factors of 30583797?
3, 10194599
What are the prime factors of 20544?
2, 3, 107
What are the prime factors of 488436?
2, 3, 13, 31, 101
List the prime factors of 9937418.
2, 17, 19, 15383
List the prime factors of 1098523.
17, 19, 179
What are the prime factors of 57020?
2, 5, 2851
What are the prime factors of 27005?
5, 11, 491
What are the prime factors of 155045?
5, 11, 2819
List the prime factors of 20318568.
2, 3, 23, 36809
List the prime factors of 37097760.
2, 3, 5, 7, 61, 181
What are the prime factors of 8850369?
3, 11, 269, 997
What are the prime factors of 3573257?
23, 43, 3613
What are the prime factors of 149047?
113, 1319
What are the prime factors of 46789?
71, 659
What are the prime factors of 17428?
2, 4357
List the prime factors of 273252.
2, 3, 7, 3253
List the prime factors of 1331937.
3, 49331
List the prime factors of 5217482.
2, 2608741
What are the prime factors of 37784?
2, 4723
List the prime factors of 909142.
2, 13, 73, 479
List the prime factors of 5813930.
2, 5, 581393
List the prime factors of 44184.
2, 3, 7, 263
What are the prime factors of 2963963?
1021, 2903
List the prime factors of 972289.
47, 137, 151
What are the prime factors of 5375161?
11, 488651
List the prime factors of 7137113.
197, 36229
List the prime factors of 217689.
3, 149, 487
What are the prime factors of 35678?
2, 17839
What are the prime factors of 4528106?
2, 11, 205823
List the prime factors of 765444.
2, 3, 227, 281
List the prime factors of 503139.
3, 7, 13, 19, 97
What are the prime factors of 267697?
23, 103, 113
What are the prime factors of 514636?
2, 128659
What are the prime factors of 773109?
3, 17, 31, 163
What are the prime factors of 119081?
193, 617
List the prime factors of 980234.
2, 490117
List the prime factors of 137176.
2, 13, 1319
What are the prime factors of 409221?
3, 41, 1109
List the prime factors of 255257.
47, 5431
What are the prime factors of 8508015?
3, 5, 189067
List the prime factors of 731457.
3, 27091
List the prime factors of 232314.
2, 3, 31, 1249
List the prime factors of 66548.
2, 127, 131
What are the prime factors of 555415?
5, 7, 2267
List the prime factors of 254001.
3, 11, 43, 179
List the prime factors of 666964.
2, 166741
List the prime factors of 4811185.
5, 962237
What are the prime factors of 1682016?
2, 3, 7, 2503
List the prime factors of 279420.
2, 3, 5, 4657
What are the prime factors of 14344937?
29, 37, 461
What are the prime factors of 20149813?
2687, 7499
List the prime factors of 173025.
3, 5, 769
What are the prime factors of 8047246?
2, 47, 59, 1451
List the prime factors of 287561.
269, 1069
List the prime factors of 303628.
2, 13, 5839
What are the prime factors of 1386780?
2, 3, 5, 29, 797
What are the prime factors of 477690?
2, 3, 5, 15923
What are the prime factors of 396729?
3, 17, 2593
List the prime facto